 a composite number?
True
Is 218929454 a prime number?
False
Is 5593633 composite?
False
Is 2809141 a prime number?
True
Is 76242729 composite?
True
Is 67078333 a composite number?
True
Is 1123841 a composite number?
False
Is 10397681 a composite number?
True
Is 720667471 a composite number?
False
Is 7491959 composite?
True
Is 72781933 a composite number?
True
Is 232051 a prime number?
True
Is 46969511 prime?
True
Is 3308605 composite?
True
Is 119827963 prime?
False
Is 7988339 composite?
False
Is 10279099 prime?
True
Is 25426433 a prime number?
False
Is 234447659 prime?
False
Is 320852074 a prime number?
False
Is 149303377 a composite number?
True
Is 48925259 a prime number?
False
Is 5851673 a prime number?
True
Is 46188517 a prime number?
True
Is 4040411 prime?
True
Is 18852161 composite?
True
Is 811945 prime?
False
Is 11198083 a composite number?
True
Is 16044689 prime?
True
Is 903299 a prime number?
False
Is 1324209 a composite number?
True
Is 30962597 a composite number?
False
Is 1733519 composite?
False
Is 49359631 a composite number?
False
Is 365687201 a composite number?
True
Is 1496917 a composite number?
False
Is 1044977 a prime number?
False
Is 81538421 a composite number?
True
Is 241118023 prime?
True
Is 12410369 composite?
False
Is 165896527 prime?
True
Is 3365117 a prime number?
False
Is 955474057 prime?
False
Is 11750397 composite?
True
Is 9799211 prime?
True
Is 190716341 a composite number?
False
Is 15441 a composite number?
True
Is 577751 composite?
False
Is 9633929 prime?
True
Is 31134809 composite?
True
Is 23619511 prime?
False
Is 7911433 composite?
False
Is 327823 composite?
False
Is 120552541 prime?
True
Is 3847673 a composite number?
False
Is 1575869 a prime number?
True
Is 68207483 composite?
True
Is 28995151 a prime number?
True
Is 899881 composite?
False
Is 45656249 a prime number?
True
Is 1033127 composite?
False
Is 5385593 prime?
True
Is 216290447 composite?
True
Is 52737929 prime?
False
Is 590181 a composite number?
True
Is 18686231 prime?
True
Is 129793 a prime number?
True
Is 38792483 prime?
False
Is 242863 composite?
False
Is 20839309 a composite number?
False
Is 612657119 a prime number?
True
Is 45198905 prime?
False
Is 156071 prime?
True
Is 10849877 a prime number?
True
Is 2777831 composite?
True
Is 1967261 prime?
True
Is 1230737 composite?
True
Is 3514387 composite?
False
Is 16847 composite?
True
Is 44261167 composite?
False
Is 26965333 prime?
True
Is 20694367 a composite number?
True
Is 45500201 prime?
False
Is 394393 prime?
True
Is 5286683 composite?
False
Is 1879303 prime?
False
Is 13943261 a composite number?
True
Is 5997191 a composite number?
False
Is 9219566 a prime number?
False
Is 23760511 a composite number?
False
Is 288373 a composite number?
True
Is 52711955 a composite number?
True
Is 8777995 a composite number?
True
Is 1369547 composite?
True
Is 2750311 a composite number?
True
Is 2446127 composite?
True
Is 16900589 composite?
True
Is 31767809 composite?
False
Is 79135193 a prime number?
False
Is 709608587 prime?
True
Is 10399791 a composite number?
True
Is 52832279 prime?
True
Is 449979 composite?
True
Is 108720155 a prime number?
False
Is 9720169 a composite number?
True
Is 1132199 prime?
True
Is 93751373 a prime number?
False
Is 8366191 a prime number?
True
Is 2068741 prime?
True
Is 71033543 composite?
True
Is 95960713 a prime number?
False
Is 1086859 prime?
True
Is 542543 a prime number?
False
Is 96086413 composite?
False
Is 1560001 a composite number?
True
Is 219712043 a prime number?
True
Is 42471131 composite?
False
Is 175031 composite?
True
Is 11963591 prime?
False
Is 1100824381 a composite number?
True
Is 657797779 prime?
False
Is 1075696129 a composite number?
True
Is 353368187 a composite number?
True
Is 1536191 composite?
False
Is 113831 prime?
False
Is 650227 a prime number?
True
Is 49253 composite?
False
Is 15688934 prime?
False
Is 40737749 composite?
True
Is 126569951 a composite number?
False
Is 97379098 composite?
True
Is 1657473 a composite number?
True
Is 9956569 a composite number?
True
Is 15084097 a composite number?
True
Is 8878973 a composite number?
False
Is 119526187 prime?
False
Is 3886537 a composite number?
False
Is 50561101 prime?
True
Is 992851 a prime number?
False
Is 1292353 a prime number?
True
Is 38205131 composite?
True
Is 107617567 prime?
False
Is 10452279 a composite number?
True
Is 46902161 a prime number?
False
Is 25116797 a composite number?
False
Is 1115451919 prime?
True
Is 27643193 composite?
False
Is 78451853 composite?
False
Is 3904447 composite?
False
Is 255545 a composite number?
True
Is 105823681 composite?
False
Is 827579 prime?
False
Is 923277 a prime number?
False
Is 860843 prime?
True
Is 15277057 prime?
True
Is 10190447 a composite number?
True
Is 3420393 composite?
True
Is 4286251 prime?
True
Is 11317651 composite?
False
Is 9458629 composite?
True
Is 5107967 prime?
True
Is 4100381 a composite number?
False
Is 13178839 a composite number?
True
Is 1939033 composite?
False
Is 190078463 prime?
False
Is 5974142 a prime number?
False
Is 150660079 a prime number?
False
Is 2093729 a composite number?
True
Is 685129 composite?
True
Is 260629 a prime number?
True
Is 2351963 a prime number?
True
Is 3365087 a prime number?
False
Is 4434643 a composite number?
True
Is 19556353 prime?
False
Is 9977063 composite?
True
Is 47486353 a prime number?
True
Is 108034637 composite?
False
Is 165884461 composite?
False
Is 22391593 a prime number?
False
Is 363641 a prime number?
False
Is 65881747 composite?
True
Is 41940935 composite?
True
Is 548180561 a composite number?
False
Is 1465907 a composite number?
True
Is 10191563 composite?
False
Is 55695269 composite?
True
Is 61769 prime?
False
Is 67314647 a prime number?
True
Is 7804597 a composite number?
False
Is 349082057 composite?
True
Is 40877981 composite?
True
Is 27720697 a prime number?
True
Is 2593973 prime?
False
Is 33481247 composite?
False
Is 10954021 prime?
False
Is 231201361 a composite number?
False
Is 303317557 a prime number?
True
Is 202361779 a prime number?
True
Is 1024249 prime?
True
Is 125812613 composite?
False
Is 595304383 composite?
False
Is 1595623 composite?
False
Is 9641903 a prime number?
False
Is 63756779 a composite number?
True
Is 9385121 a composite number?
True
Is 29517367 a prime number?
False
Is 28614913 a composite number?
False
Is 556808957 composite?
True
Is 43343 a prime number?
False
Is 5631797 composite?
True
Is 66043909 composite?
True
Is 566911 prime?
True
Is 3858719 prime?
True
Is 138521857 a composite number?
True
Is 28489147 prime?
True
Is 403607 a composite number?
False
Is 1801973 a composite number?
True
Is 4666117 prime?
True
Is 95827 composite?
True
Is 638199739 prime?
False
Is 1182847 prime?
True
Is 29048735 composite?
True
Is 605868149 composite?
True
Is 6898829 composite?
True
Is 30634217 composite?
True
Is 85811147 prime?
False
Is 21794107 composite?
False
Is 72545449 a composite number?
False
Is 2835491 composite?
False
Is 1008708895 a prime number?
False
Is 5897861 a composite number?
True
Is 61820869 a composite number?
True
Is 95717971 prime?
True
Is 9049013 composite?
False
Is 175371323 a composite number?
True
Is 3121603 prime?
True
Is 49986437 a composite number?
False
Is 13797037 a composite number?
True
Is 203339 a composite number?
False
Is 112525639 a prime number?
True
Is 5320657 a prime number?
True
Is 13692311 composite?
False
Is 157880467 prime?
False
Is 4547962 a composite number?
True
Is 5344331 prime?
True
Is 612295181 prime?
True
Is 169010503 prime?
True
Is 225622073 composite?
True
Is 1869122 prime?
False
Is 76605863 a prime number?
True
Is 1710731 a prime number?
False
Is 280957177 a prime number?
False
Is 24238139 a composite number?
False
Is 65308913 composite?
True
Is 50304113 prime?
False
Is 4184797 prime?
True
Is 459791 prime?
True
Is 1204561 prime?
True
Is 180587753 a prime number?
False
Is 2204409 prime?
False
Is 179835077 a composite number?
False
Is 28001551 a prime number?
False
Is 312058079 a prime number?
True
Is 1335101 a prime number?
False
Is 1799219 composite?
False
Is 78820751 composite?
True
Is 242561 a composite number?
True
Is 294890501 a prime number?
True
Is 1230755 composite?
True
Is 16611851 composite?
False
Is 5204911 